 10. What are the prime factors of b(5)?
2, 5
Let c(j) = 41*j**2 + 5*j + 32. What are the prime factors of c(-8)?
2, 3, 109
Let s(h) = 3*h**2 + 6*h - 20. Let y be s(-7). Suppose -y = -10*m + 9*m. What are the prime factors of m?
5, 17
Let n = 461 - 823. List the prime factors of 32/20*(n/(-4) + 2).
2, 37
Let l(t) = -28*t + 23. Let s(x) = -7*x + 6. Let v(m) = -4*l(m) + 18*s(m). What are the prime factors of v(-11)?
2, 5, 17
Let c = 17 + -14. Suppose 1 + 5 = c*z. Suppose 4*u = 3*d - 0 + 4, d = -z*u + 12. List the prime factors of u.
2
Suppose 10*b - 14437 = 11263. List the prime factors of b.
2, 5, 257
Suppose -4*u + 39 = -5*g - 44, -3*u = -5*g - 86. Let q(r) = 21*r**3 + 2*r**2 - 2*r + 1. Let h be q(1). Let s = h + g. List the prime factors of s.
3
What are the prime factors of ((-1353)/205 + 3*2)*-4715?
3, 23, 41
Let r(n) = -1663*n**3 - 2*n**2 - 12*n - 11. What are the prime factors of r(-1)?
2, 3, 277
Suppose 2*q + 6 + 0 = 0. List the prime factors of (-2)/(q/582*4).
97
Let s be 1903 - (3 + -5 + -3). Suppose 0*l + s = 9*l. What are the prime factors of l?
2, 53
Let r(l) = 7*l**2 - 3*l - 28. Let p be r(12). Suppose 0*x + p = 4*x. What are the prime factors of x?
2, 59
Let p(t) = 26*t**3 + 7*t**2 + 20*t - 47. What are the prime factors of p(4)?
3, 67
Suppose -d = 3*d - 8. Let a(s) = 5 + 0 + 1 - 1 + d*s. List the prime factors of a(6).
17
Let y(s) = 138*s**2 - 2*s - 2. What are the prime factors of y(-1)?
2, 3, 23
Let s(d) be the second derivative of d**3/6 + 16*d**2 - 2*d. Let y be (0/((-4)/10*-5))/(-2). List the prime factors of s(y).
2
Suppose 4*y - s = 66, -22 = -3*y - 2*s + 22. Suppose -y*l = -13*l - 561. What are the prime factors of l?
11, 17
Let i = 352 - -124. What are the prime factors of i?
2, 7, 17
Let i(g) = -g**3 + 5*g**2 - 5*g - 5. Let z be i(3). What are the prime factors of z/(-13) + 2250/78?
29
Let k be (0 - 1) + 3/1. Suppose -k*w - 48 = -5*w. List the prime factors of w/6*33/2.
2, 11
Let f = -703 + 1000. List the prime factors of f.
3, 11
Suppose -17*o - 65 = -18*o. List the prime factors of o.
5, 13
Suppose -9*y - 1970 = 298. Let n = 368 + y. What are the prime factors of n?
2, 29
Let t(s) = -s**3 - s**2 - 2*s + 2. Let j be t(-3). Suppose -3*r = j - 146. What are the prime factors of r?
2, 5
Let x = -470 + 1114. What are the prime factors of x?
2, 7, 23
Suppose 3*p - 256 = -2*i - p, -i - 3*p = -125. Suppose i = -o + 3*o. What are the prime factors of o?
67
Let b(i) = -i**2 - 42*i + 27. List the prime factors of b(-23).
2, 29
Let m be -6*((-9)/(-54))/1. Let k(a) = -239*a**2 - 6*a - 11. Let s(q) = -80*q**2 - 2*q - 4. Let x(v) = -3*k(v) + 8*s(v). What are the prime factors of x(m)?
2, 19
Let q(t) = t**3 - 5*t**2 + 7*t + 2. Let i be q(6). Suppose 2*p = -3*p + i. What are the prime factors of p?
2
Suppose -x = m - 10 + 1, 0 = 2*x + 5*m - 12. Let n = x - 4. Let z = n - -2. List the prime factors of z.
3
Let j be 1/(-3)*-3 - (2 + -1). Suppose j = 3*r - 0*r - 57. List the prime factors of r.
19
Suppose 0 = -i + 401 + 68. Suppose -5*u - i - 611 = 0. What are the prime factors of 1 - (u - 4)/4?
2, 7
Suppose 0 = -w - 4*w + 3*o + 17, -4*w + 5*o + 24 = 0. Suppose -4 + w = n. List the prime factors of (-1)/n + 154/6.
2, 13
Suppose 0 = 2*a + a + m - 13, a - 5*m - 15 = 0. Suppose 2*i + 10 = n - a*n, 3*n + 3*i = 0. List the prime factors of (-92)/n + (-4)/10.
2, 3
Let a be 1/(-3) + (-896)/21. Suppose 0 = -z + 5*q + 88, -6*z + 3*z + q + 250 = 0. Let m = a + z. What are the prime factors of m?
2, 5
Let n = -42 + 30. Let o = n + 54. List the prime factors of o.
2, 3, 7
Let m be (-2)/(10/(-1715)) + (-4)/2. Suppose 0 = 2*s + 5*d - m, s - 82 - 86 = -3*d. List the prime factors of s.
3, 61
Suppose 0 = 7*l - 0*l - 5628. List the prime factors of l.
2, 3, 67
Let d(m) = 46*m + 44. Let a be d(-4). Let i = 155 + a. List the prime factors of i.
3, 5
Suppose -4*u - 372 = -2*o, -u - 894 = -6*o + o. What are the prime factors of o?
2, 89
Suppose 3*v + 4*q = 426, 0 = -5*v + 5*q + 724 + 21. Suppose -7*w - v = -9*w. What are the prime factors of w?
73
Suppose 138 = -i + 351. What are the prime factors of i?
3, 71
Let v = 76 - 74. Suppose -v*f = 3*f - 315. What are the prime factors of f?
3, 7
Suppose -3*m + 1386 = 2*q, 3*m + 0*m + q = 1383. List the prime factors of m.
2, 5, 23
Let r(b) be the second derivative of b**5/15 + 5*b**3/3 - 9*b. Let o(m) be the second derivative of r(m). What are the prime factors of o(5)?
2, 5
Let f = 841 - 451. Suppose -5*m + f = -0*n - n, -4*m = n - 321. What are the prime factors of m?
79
Suppose -8 = -0*g - 3*g + 4*s, -2*s + 2 = 0. Suppose 2*p + g*p - 18 = 0. List the prime factors of (-4)/(16/(-28)) + p.
2, 5
Suppose -4*z - 1 = -5. Let k be -5*(z - (-4)/(-10)). What are the prime factors of (-116)/k + 14/(-21)?
2, 19
Let w be ((0/(-2))/(-2))/3. Suppose -3 = -l, l + 297 = 5*u - w*l. Suppose -2*t + 5*d + 10 + 2 = 0, -u = -3*t - 3*d. List the prime factors of t.
2
Let d(n) = -2*n**2 + 9*n - 4. Let p be 2/6*(11 + -2). List the prime factors of d(p).
5
Let f(d) = d**2 - 15*d + 19. Let i be f(14). Suppose 0 = -i*j + 79 + 246. List the prime factors of j.
5, 13
Suppose 3*g = -y + 1217, 2*y = -2*g + 7*y + 817. List the prime factors of g.
2, 7, 29
Suppose -p - 156 = -0*p. Let l = 230 + p. Suppose -37 = 5*w + 5*h - 147, h - l = -3*w. What are the prime factors of w?
2, 13
Suppose -3*l + 24 - 3 = -3*a, 14 = 2*l + 3*a. Suppose -12*k + l*k = -240. What are the prime factors of k?
2, 3
Suppose 6*y - 4626 = 726. What are the prime factors of y?
2, 223
Let v(y) = 93*y - 378. What are the prime factors of v(23)?
3, 587
Suppose 84 = 3*z - 165. Let h = -46 + z. List the prime factors of h.
37
Suppose 0*s - 4*s = 540. List the prime factors of (22/5)/((-9)/s).
2, 3, 11
Suppose -36 = -2*z - 6. List the prime factors of (384/z)/((-4)/(-10)).
2
Let g(q) = 6*q**3 + 2*q + 1. Let a be g(2). Let t = a + -14. Suppose -l + 2*l - t = 0. What are the prime factors of l?
3, 13
Suppose -11414 = -3*t - 4*i, 3*i = -7*t + 4*t + 11415. What are the prime factors of t?
2, 11, 173
Suppose -2*h + 544 = 5*x, 2*h = 4*h + 2*x - 532. What are the prime factors of h?
2, 131
Suppose 4*v - 7*d = -10*d + 4573, -3*v + 3*d = -3414. List the prime factors of v.
7, 163
Let i(c) = 2 - 10*c**2 - 7*c - 18*c**3 + 11*c**3 + 6*c**3. What are the prime factors of i(-10)?
2, 3
Let p = -16 - -22. Let r be 2/(-3) - 110/p. Let n = r - -37. List the prime factors of n.
2, 3
Let q(s) = 114*s + 124. What are the prime factors of q(4)?
2, 5, 29
Suppose 92 = 3*l - 2*v, -4*l + 4*v + 32 = -92. Suppose -3*x + h + l = 0, x + 5*h = 2*h + 20. What are the prime factors of x?
11
Suppose 2*n = -3*o + 1, 0 = -2*n - 2*n + 3*o + 11. Let q = 47 + -26. Suppose t = -n*t + q. What are the prime factors of t?
7
What are the prime factors of (676/65)/(-13) + (-38518)/(-10)?
3851
Let i(z) = 29*z**3 + 2*z**2 - 2. Suppose -8*v = -2*v - 12. What are the prime factors of i(v)?
2, 7, 17
Suppose -9*u + 8*u + 2 = 0. Suppose -u*v + 68 = -2*j - 4, -v + 36 = -3*j. What are the prime factors of v?
2, 3
Let f(x) = -2*x**3 + 6*x**2 + 3*x + 28. What are the prime factors of f(-5)?
7, 59
Let w(y) = y**2 - 1. Let d be w(-4). Let s be ((-12)/30)/((-1)/d). Let b(t) = t**3 - 6*t**2 + 4*t + 4. List the prime factors of b(s).
2, 7
Let z = -102 + 105. Suppose 2*v - 3*n - n = 404, -863 = -4*v - z*n. List the prime factors of v.
2, 53
Let u(s) = 79*s**2 - 4*s - 20. List the prime factors of u(-3).
19, 37
Suppose 45740 - 13862 = 14*h. What are the prime factors of h?
3, 11, 23
Let k(l) = l**2 - 12*l + 13. Let a be k(11). Suppose 0 = -4*s + 2*w + 2, -4*s + a - 6 = -4*w. List the prime factors of s.
2
Let t = -100 + 68. Let g = t + 87. List the prime factors of g.
5, 11
Let l = -807 + 1311. What are the prime factors of l?
2, 3, 7
Let n(c) = 71*c - 77. What are the prime factors of n(8)?
491
Let v(k) = k + 7. Let x be v(-4). Suppose x*z - 5*r - 87 = 0, z - 3*r - 29 = -r. What are the prime factors of z?
29
Let a = -10 + 19. Suppose 3*h + h - 20 = 0. Suppose a*p - 100 = h*p. What are the prime factors of p?
5
Suppose -2*a - 75 = a. Let k = a + 50. What are the prime factors of k?
5
Let q be (-5 - (-2 - 0)) + 3. Suppose q*s - 5*s - 38 = -2*h, 5*h = -5*s - 10. Let u = s + 8. What are the prime factors of u?
2
Suppose 2*y - 5*y = -r - 38